 of 154410?
1
What is the ten thousands digit of 1904671?
0
What is the ten thousands digit of 254406?
5
What is the units digit of 31907?
7
What is the units digit of 126871?
1
What is the ten thousands digit of 109821?
0
What is the hundreds digit of 12846212?
2
What is the hundred thousands digit of 932458?
9
What is the tens digit of 6975303?
0
What is the thousands digit of 1016361?
6
What is the millions digit of 11091362?
1
What is the units digit of 14877517?
7
What is the units digit of 15345032?
2
What is the hundred thousands digit of 3672740?
6
What is the ten millions digit of 13217318?
1
What is the hundreds digit of 20131808?
8
What is the ten thousands digit of 110559?
1
What is the hundreds digit of 2532346?
3
What is the ten thousands digit of 2907341?
0
What is the hundreds digit of 36681080?
0
What is the tens digit of 5945?
4
What is the hundred thousands digit of 246806?
2
What is the thousands digit of 157805?
7
What is the hundreds digit of 342125?
1
What is the ten thousands digit of 192201?
9
What is the thousands digit of 653904?
3
What is the tens digit of 19286409?
0
What is the hundred thousands digit of 353290?
3
What is the units digit of 937278?
8
What is the ten thousands digit of 197523?
9
What is the millions digit of 5179835?
5
What is the ten thousands digit of 235897?
3
What is the units digit of 21175991?
1
What is the hundred thousands digit of 7720132?
7
What is the units digit of 990666?
6
What is the tens digit of 2922261?
6
What is the hundred thousands digit of 1220320?
2
What is the ten thousands digit of 10527708?
2
What is the tens digit of 543244?
4
What is the hundreds digit of 4610360?
3
What is the units digit of 2854272?
2
What is the hundreds digit of 298871?
8
What is the hundreds digit of 574852?
8
What is the ten thousands digit of 253740?
5
What is the units digit of 478003?
3
What is the tens digit of 9685275?
7
What is the thousands digit of 537518?
7
What is the units digit of 6796131?
1
What is the thousands digit of 1055114?
5
What is the hundreds digit of 159828?
8
What is the hundred thousands digit of 1376358?
3
What is the hundreds digit of 554060?
0
What is the hundreds digit of 608385?
3
What is the units digit of 787399?
9
What is the ten thousands digit of 371012?
7
What is the tens digit of 1468274?
7
What is the hundred thousands digit of 7177345?
1
What is the hundred thousands digit of 412684?
4
What is the units digit of 20970118?
8
What is the tens digit of 7732904?
0
What is the hundred thousands digit of 3863784?
8
What is the ten thousands digit of 268594?
6
What is the hundreds digit of 3269911?
9
What is the hundreds digit of 970614?
6
What is the hundred thousands digit of 442144?
4
What is the tens digit of 302735?
3
What is the thousands digit of 966284?
6
What is the thousands digit of 6437381?
7
What is the hundreds digit of 4888151?
1
What is the units digit of 995451?
1
What is the ten thousands digit of 1353977?
5
What is the thousands digit of 8560529?
0
What is the thousands digit of 2208112?
8
What is the hundreds digit of 488186?
1
What is the thousands digit of 614218?
4
What is the hundred thousands digit of 4907759?
9
What is the tens digit of 1817222?
2
What is the units digit of 771675?
5
What is the hundred thousands digit of 16417086?
4
What is the ten thousands digit of 711191?
1
What is the ten thousands digit of 3878600?
7
What is the hundred thousands digit of 2786227?
7
What is the thousands digit of 918015?
8
What is the thousands digit of 1793155?
3
What is the units digit of 2181660?
0
What is the units digit of 60011?
1
What is the millions digit of 1177257?
1
What is the thousands digit of 22775?
2
What is the units digit of 350986?
6
What is the tens digit of 154184?
8
What is the ten thousands digit of 360617?
6
What is the ten thousands digit of 11898534?
9
What is the hundred thousands digit of 123113?
1
What is the hundred thousands digit of 511798?
5
What is the hundreds digit of 722512?
5
What is the millions digit of 8351292?
8
What is the hundred thousands digit of 1114851?
1
What is the ten thousands digit of 241393?
4
What is the ten thousands digit of 2124007?
2
What is the thousands digit of 48664?
8
What is the tens digit of 1596741?
4
What is the thousands digit of 62311?
2
What is the hundred thousands digit of 21395744?
3
What is the units digit of 954394?
4
What is the thousands digit of 9596308?
6
What is the ten thousands digit of 196407?
9
What is the units digit of 578642?
2
What is the tens digit of 339721?
2
What is the units digit of 346791?
1
What is the tens digit of 819239?
3
What is the millions digit of 8762875?
8
What is the tens digit of 205618?
1
What is the ten thousands digit of 6439516?
3
What is the hundreds digit of 33545425?
4
What is the ten thousands digit of 14699?
1
What is the units digit of 253808?
8
What is the millions digit of 1069892?
1
What is the tens digit of 183842?
4
What is the tens digit of 753768?
6
What is the hundred thousands digit of 208227?
2
What is the tens digit of 628296?
9
What is the units digit of 89236?
6
What is the thousands digit of 2186691?
6
What is the tens digit of 568674?
7
What is the hundreds digit of 227442?
4
What is the hundred thousands digit of 229243?
2
What is the millions digit of 4113346?
4
What is the millions digit of 8019475?
8
What is the units digit of 5447669?
9
What is the thousands digit of 203903?
3
What is the ten thousands digit of 197286?
9
What is the tens digit of 1189410?
1
What is the units digit of 1534916?
6
What is the millions digit of 6204977?
6
What is the tens digit of 3563854?
5
What is the hundreds digit of 224678?
6
What is the hundreds digit of 7891582?
5
What is the ten thousands digit of 3104856?
0
What is the tens digit of 237342?
4
What is the units digit of 4762897?
7
What is the hundred thousands digit of 1075540?
0
What is the hundred thousands digit of 5460534?
4
What is the hundreds digit of 24750?
7
What is the tens digit of 4009090?
9
What is the ten thousands digit of 219075?
1
What is the thousands digit of 93359?
3
What is the hundreds digit of 4381226?
2
What is the units digit of 211668?
8
What is the thousands digit of 1138570?
8
What is the hundreds digit of 737227?
2
What is the tens digit of 313181?
8
What is the ten thousands digit of 29923152?
2
What is the ten thousands digit of 292256?
9
What is the hundred thousands digit of 4391380?
3
What is the units digit of 2237029?
9
What is the hundred thousands digit of 331575?
3
What is the hundred thousands digit of 3502977?
5
What is the thousands digit of 17212727?
2
What is the tens digit of 183881?
8
What is the hundreds digit of 1515197?
1
What is the tens digit of 345597?
9
What is the millions digit of 2769232?
2
What is the hundred thousands digit of 14138361?
1
What is the tens digit of 18003573?
7
What is the thousands digit of 2471962?
1
What is the hundred thousands digit of 328061?
3
What is the tens digit of 180959?
5
What is the thousands digit of 568910?
8
What is the hundred thousands digit of 13640627?
6
What is the units digit of 37356?
6
What is the units digit of 159667?
7
What is the hundred thousands digit of 13531690?
5
What is the tens digit of 233532?
3
What is the ten thousands digit of 615720?
1
What is the millions digit of 38306649?
8
What is the hundreds digit of 872359?
3
What is the tens digit of 523935?
3
What is the ten thousands digit of 1347577?
4
What is the hundreds digit of 7569340?
3
What is the thousands digit of 167563?
7
What is the ten thousands digit of 3880409?
8
What is the thousands digit of 3290711?
0
What is the hundred thousands digit of 572961?
5
What is the hundreds digit of 456396?
3
What is the thousands digit of 395684?
5
What is the ten thousands digit of 973041?
7
What is the tens digit of 874934?
3
What is the units digit of 211656?
6
What is the thousands digit of 196904?
6
What is the ten thousands digit of 225094?
2
What is the ten thousands digit of 264538?
6
What is the millions digit of 1976324?
1
What is the tens digit of 23281893?
9
What is the thousands digit of 22855825?
5
What is the units digit of 1796297?
7
What is the hundred thousands digit of 4906988?
9
What is the hundred